ousands digit of 2119?
2
What is the thousands digit of 19408?
9
What is the tens digit of 56?
5
What is the thousands digit of 1076?
1
What is the tens digit of 3389?
8
What is the hundreds digit of 1267?
2
What is the units digit of 817?
7
What is the thousands digit of 4362?
4
What is the hundreds digit of 4697?
6
What is the units digit of 701?
1
What is the thousands digit of 15376?
5
What is the tens digit of 13933?
3
What is the units digit of 7569?
9
What is the hundreds digit of 15258?
2
What is the thousands digit of 1486?
1
What is the tens digit of 8400?
0
What is the tens digit of 6174?
7
What is the tens digit of 3436?
3
What is the ten thousands digit of 34399?
3
What is the hundreds digit of 3444?
4
What is the thousands digit of 2477?
2
What is the thousands digit of 12113?
2
What is the units digit of 3582?
2
What is the units digit of 1862?
2
What is the thousands digit of 8336?
8
What is the ten thousands digit of 28534?
2
What is the units digit of 2722?
2
What is the units digit of 1187?
7
What is the tens digit of 1694?
9
What is the thousands digit of 6165?
6
What is the hundreds digit of 15789?
7
What is the ten thousands digit of 42046?
4
What is the units digit of 3684?
4
What is the thousands digit of 49651?
9
What is the hundreds digit of 1626?
6
What is the tens digit of 2146?
4
What is the hundreds digit of 392?
3
What is the hundreds digit of 1589?
5
What is the thousands digit of 31290?
1
What is the units digit of 511?
1
What is the thousands digit of 2248?
2
What is the thousands digit of 47489?
7
What is the thousands digit of 1223?
1
What is the thousands digit of 1976?
1
What is the tens digit of 4478?
7
What is the tens digit of 5343?
4
What is the tens digit of 30956?
5
What is the tens digit of 4435?
3
What is the tens digit of 179?
7
What is the hundreds digit of 7142?
1
What is the ten thousands digit of 69769?
6
What is the units digit of 275?
5
What is the tens digit of 4851?
5
What is the ten thousands digit of 41165?
4
What is the ten thousands digit of 11924?
1
What is the thousands digit of 1410?
1
What is the thousands digit of 125967?
5
What is the ten thousands digit of 18874?
1
What is the tens digit of 981?
8
What is the thousands digit of 28767?
8
What is the units digit of 14401?
1
What is the units digit of 32589?
9
What is the tens digit of 964?
6
What is the units digit of 3638?
8
What is the hundreds digit of 1718?
7
What is the units digit of 369?
9
What is the tens digit of 926?
2
What is the hundreds digit of 760?
7
What is the hundreds digit of 208652?
6
What is the tens digit of 1533?
3
What is the units digit of 22073?
3
What is the tens digit of 19816?
1
What is the units digit of 479?
9
What is the hundreds digit of 269?
2
What is the hundreds digit of 46467?
4
What is the tens digit of 1948?
4
What is the hundreds digit of 4439?
4
What is the ten thousands digit of 18492?
1
What is the tens digit of 9194?
9
What is the tens digit of 109694?
9
What is the units digit of 6112?
2
What is the units digit of 1600?
0
What is the units digit of 1165?
5
What is the hundreds digit of 24022?
0
What is the hundreds digit of 8219?
2
What is the tens digit of 131?
3
What is the ten thousands digit of 14477?
1
What is the hundreds digit of 4196?
1
What is the units digit of 6420?
0
What is the thousands digit of 1214?
1
What is the tens digit of 31773?
7
What is the units digit of 767?
7
What is the units digit of 51?
1
What is the hundreds digit of 331?
3
What is the tens digit of 83592?
9
What is the tens digit of 2069?
6
What is the hundreds digit of 731?
7
What is the tens digit of 690?
9
What is the units digit of 153442?
2
What is the tens digit of 63631?
3
What is the tens digit of 41674?
7
What is the units digit of 47433?
3
What is the tens digit of 12635?
3
What is the hundreds digit of 24961?
9
What is the thousands digit of 10480?
0
What is the thousands digit of 2172?
2
What is the units digit of 3168?
8
What is the tens digit of 842?
4
What is the tens digit of 706?
0
What is the hundreds digit of 2101?
1
What is the hundreds digit of 7873?
8
What is the hundreds digit of 7983?
9
What is the units digit of 115688?
8
What is the units digit of 34520?
0
What is the tens digit of 4540?
4
What is the hundreds digit of 156199?
1
What is the tens digit of 7682?
8
What is the ten thousands digit of 76721?
7
What is the units digit of 365?
5
What is the units digit of 31694?
4
What is the units digit of 782?
2
What is the tens digit of 2487?
8
What is the hundreds digit of 5760?
7
What is the units digit of 136077?
7
What is the thousands digit of 1227?
1
What is the ten thousands digit of 37041?
3
What is the units digit of 2240?
0
What is the hundreds digit of 437?
4
What is the units digit of 182?
2
What is the tens digit of 275?
7
What is the tens digit of 1674?
7
What is the tens digit of 113648?
4
What is the tens digit of 44494?
9
What is the units digit of 97?
7
What is the units digit of 2230?
0
What is the thousands digit of 2474?
2
What is the units digit of 3291?
1
What is the hundred thousands digit of 153861?
1
What is the hundreds digit of 295?
2
What is the thousands digit of 19578?
9
What is the tens digit of 16913?
1
What is the tens digit of 1320?
2
What is the hundreds digit of 1712?
7
What is the hundreds digit of 623?
6
What is the tens digit of 22252?
5
What is the units digit of 1933?
3
What is the tens digit of 868?
6
What is the hundreds digit of 745?
7
What is the hundreds digit of 1758?
7
What is the thousands digit of 1297?
1
What is the tens digit of 85?
8
What is the tens digit of 34369?
6
What is the tens digit of 2461?
6
What is the hundreds digit of 15701?
7
What is the tens digit of 52767?
6
What is the units digit of 228?
8
What is the units digit of 616?
6
What is the ten thousands digit of 100216?
0
What is the ten thousands digit of 56575?
5
What is the hundreds digit of 7060?
0
What is the hundreds digit of 28329?
3
What is the tens digit of 1712?
1
What is the hundreds digit of 4991?
9
What is the units digit of 203?
3
What is the units digit of 122874?
4
What is the tens digit of 10315?
1
What is the tens digit of 5671?
7
What is the tens digit of 766?
6
What is the tens digit of 5506?
0
What is the units digit of 68636?
6
What is the tens digit of 1721?
2
What is the hundreds digit of 20143?
1
What is the thousands digit of 26418?
6
What is the hundreds digit of 6272?
2
What is the hundreds digit of 908?
9
What is the thousands digit of 1781?
1
What is the ten thousands digit of 47211?
4
What is the tens digit of 107759?
5
What is the hundreds digit of 18315?
3
What is the units digit of 370?
0
What is the hundreds digit of 158274?
2
What is the thousands digit of 2467?
2
What is the hundreds digit of 16350?
3
What is the thousands digit of 37055?
7
What is the hundreds digit of 16207?
2
What is the hundreds digit of 8219?
2
What is the tens digit of 23333?
3
What is the tens digit of 1229?
2
What is the hundreds digit of 1685?
6
What is the thousands digit of 9759?
9
What is the tens digit of 989?
8
What is the units digit of 930?
0
What is the units digit of 14847?
7
What is the units digit of 6571?
1
What is the hundreds digit of 21464?
4
What is the units digit of 490?
0
What is the hundreds digit of 1201?
2
What is the tens digit of 3083?
8
What is the hundreds digit of 11514?
5
What is the thousands digit of 2361?
2
What is the thousands digit of 4906?
4
What is the thousands digit of 27350?
7
What is the tens digit of 18129?
2
What is the thousands digit of 64373?
4
What is the tens digit of 273?
7
What is the tens digit of 9614?
1
What is the tens digit of 156695?
9
What is the thousands digit of 5817?
5
What is the thousands digit of 19688?
9
What is the hundreds digit of 232?
2
What is the units digit of 7304?
4
What is the units digit of 75259?
9
What is the thousands digit of 25949?
5
What is the thousands digit of 26812?
6
What is the thousands digit of 2424?
2
What is the thousands digit of 13697?
3
What is the ten thousands digit of 26025?
2
What is the thousands digit of 5193?
5
What is the thousands digit of 2243?
2
What is the units digit of 836?
6
What is the tens digit of 18583?
8
What is the thousands digit of 1457?